{"id":9081,"date":"2023-10-05T16:32:41","date_gmt":"2023-10-05T19:32:41","guid":{"rendered":"https:\/\/des-tuc.infd.edu.ar\/sitio\/?page_id=9081"},"modified":"2023-10-05T16:32:42","modified_gmt":"2023-10-05T19:32:42","slug":"bibliografia-practica-iv","status":"publish","type":"page","link":"https:\/\/des-tuc.infd.edu.ar\/sitio\/bibliografia-practica-iv\/","title":{"rendered":"Bibliograf\u00eda Pr\u00e1ctica IV"},"content":{"rendered":"\n<ul>\n<li><a href=\"https:\/\/des-tuc.infd.edu.ar\/sitio\/wp-content\/uploads\/2023\/10\/ALFARO-La-planificacion-por-proyectos-sus-potencialidades-en-el-mejoramiento-de-la-gestion-institucional-y-de-aula.pdf\" target=\"_blank\" rel=\"noreferrer noopener\">La planificaci\u00f3n por proyectos: sus potencialidades enel mejoramiento de la gesti\u00f3n institucional y de aula<\/a><\/li>\n\n\n\n<li><a href=\"https:\/\/des-tuc.infd.edu.ar\/sitio\/wp-content\/uploads\/2023\/10\/ANIJOVICH-CAPPELLETTI-MORA-SABELLI-Formar-docentes-reflexivos.pdf\" target=\"_blank\" rel=\"noreferrer noopener\">Formar docentes reflexivos. Una experiencia de la facultad de derecho de la UBA<\/a><\/li>\n\n\n\n<li><a href=\"https:\/\/des-tuc.infd.edu.ar\/sitio\/wp-content\/uploads\/2023\/10\/CABRINI-Reflexion-en-las-practicas-docentes.pdf\" target=\"_blank\" rel=\"noreferrer noopener\">LA REFLEXI\u00d3N QUE REALIZAN LOS ESTUDIANTES DURANTE LA PR\u00c1CTICA Y RESIDENCIA PEDAG\u00d3GICA DEL PROFESORADO DE EGB 1 Y 2, COMO ESTRATEGIA DE B\u00daSQUEDA Y CONSTRUCCI\u00d3N DEL ROL DOCENTE<\/a><\/li>\n\n\n\n<li><a href=\"https:\/\/des-tuc.infd.edu.ar\/sitio\/wp-content\/uploads\/2023\/10\/CULLEN-La-escuela-es-un-escenario-de-socializacion-y-legitimacion-del-conocimiento.pdf\" target=\"_blank\" rel=\"noreferrer noopener\">LA ESCUELA ES UN ESCENARIO DE SOCIALIZACI\u00d3N Y LEGITIMACI\u00d3N DEL CONOCIMIENTO<\/a><\/li>\n\n\n\n<li><a href=\"https:\/\/des-tuc.infd.edu.ar\/sitio\/wp-content\/uploads\/2023\/10\/DUSCHATZKY-SKLIAR-Los-vinculos-en-las-escuelas-Pensar-la-composicion-de-las-relaciones-en-tiempos-digitales-y-abismales.pdf\" target=\"_blank\" rel=\"noreferrer noopener\">Los v\u00ednculos en las escuelas. Pensar la composici\u00f3n de las relaciones en tiempos digitales y abismales<\/a><\/li>\n\n\n\n<li><a href=\"https:\/\/des-tuc.infd.edu.ar\/sitio\/wp-content\/uploads\/2023\/10\/DUSSEL-La-escuela-media-argentina-y-los-desafios-de-las-metas-2021.pdf\" target=\"_blank\" rel=\"noreferrer noopener\">La escuela media argentina y los desaf\u00edos de las metas 2021<\/a><\/li>\n\n\n\n<li><a href=\"https:\/\/des-tuc.infd.edu.ar\/sitio\/wp-content\/uploads\/2023\/10\/EDELSTEIN-Practicas-y-residencias-memorias-experiencias-horizontes.pdf\" target=\"_blank\" rel=\"noreferrer noopener\">PR\u00c1CTICAS Y RESIDENCIAS: MEMORIAS, EXPERIENCIAS, HORIZONTES<\/a><\/li>\n\n\n\n<li><a href=\"https:\/\/des-tuc.infd.edu.ar\/sitio\/wp-content\/uploads\/2023\/10\/FREIRE-Cartas-a-quien-pretende-ensenar.pdf\" target=\"_blank\" rel=\"noreferrer noopener\">Cartas a quien pretende ense\u00f1ar<\/a><\/li>\n\n\n\n<li><a href=\"https:\/\/des-tuc.infd.edu.ar\/sitio\/wp-content\/uploads\/2023\/10\/MAGGIO_Enriquecer_la_ensenanza._Cap._2-pdf.pdf\" target=\"_blank\" rel=\"noreferrer noopener\">ENRIQUECER LA ENSE\u00d1ANZA: Los ambientes con alta disposici\u00f3n tecnol\u00f3gica como oportunidad<\/a><\/li>\n\n\n\n<li><a href=\"https:\/\/des-tuc.infd.edu.ar\/sitio\/wp-content\/uploads\/2023\/10\/MINISTERIO-DE-EDUCACION-DE-LA-NACION-guia_de_buenas_practicas_en_educacion_inclusiva_pdf.pdf\" target=\"_blank\" rel=\"noreferrer noopener\">GU\u00cdA DE BUENAS PR\u00c1CTICAS EN EDUCACI\u00d3N INCLUSIVA EN RELACI\u00d3N A LAS PERSONAS CON DISCAPACIDAD ORIENTADA A LA COMUNIDAD EDUCATIVA<\/a><\/li>\n\n\n\n<li><a href=\"https:\/\/des-tuc.infd.edu.ar\/sitio\/wp-content\/uploads\/2023\/10\/SANJURJO-Los-dispositivos-para-la-formacion-en-las-practicas-profesionales.pdf\" target=\"_blank\" rel=\"noreferrer noopener\">Los dispositivos para la formaci\u00f3n en las pr\u00e1cticas profesionales Homo Sapiens Ediciones. Rosario.<\/a><\/li>\n\n\n\n<li><a href=\"https:\/\/des-tuc.infd.edu.ar\/sitio\/wp-content\/uploads\/2023\/10\/STEIMAN-Las-practicas-de-ensenanza-en-la-educacion-superior-un-enfoque-teorico-analitico.pdf\" target=\"_blank\" rel=\"noreferrer noopener\">LAS PR\u00c1CTICAS DE ENSE\u00d1ANZA EN LA EDUCACION SUPERIOR: UN ENFOQUE TE\u00d3RICO-ANALITICO<\/a><\/li>\n\n\n\n<li><a href=\"https:\/\/des-tuc.infd.edu.ar\/sitio\/wp-content\/uploads\/2023\/10\/SUAREZ-Docentes_Relatos_de_Experiencia_y_Sabere.pdf\" target=\"_blank\" rel=\"noreferrer noopener\">Docentes, Relatos de Experiencia y Saberes Pedag\u00f3gicos. La Documentaci\u00f3n Narrativa de Experiencias en la Escuela<\/a><\/li>\n\n\n\n<li><a href=\"https:\/\/des-tuc.infd.edu.ar\/sitio\/wp-content\/uploads\/2023\/10\/TERIGI-Avances-y-desafios-de-la-educaion-inclusiva-en-Ib.pdf\" target=\"_blank\" rel=\"noreferrer noopener\">Avances y desaf\u00edos de la educaci\u00f3n inclusiva en Iberoam\u00e9rica<\/a><\/li>\n\n\n\n<li><a href=\"https:\/\/des-tuc.infd.edu.ar\/sitio\/wp-content\/uploads\/2023\/10\/UNICEF-Estrategias-de-Ensenanza-_-enfasis-en-Discapacidad-Intelectual.pdf\" target=\"_blank\" rel=\"noreferrer noopener\">APRENDIZAJE PARA LA INCLUSI\u00d3N EDUCATIVA DE TODOS Y TODAS CON \u00c9NFASIS EN DISCAPACIDAD INTELECTUAL<\/a><\/li>\n\n\n\n<li><a href=\"https:\/\/des-tuc.infd.edu.ar\/sitio\/wp-content\/uploads\/2023\/10\/VARGAS-HERNANDEZ-Conexion-entre-la-escuela-y-otras-instituciones-de-la-comunidad.pdf\" target=\"_blank\" rel=\"noreferrer noopener\">Conexi\u00f3n entre la escuela y otras instituciones de la comunidad<\/a><\/li>\n<\/ul>\n","protected":false},"excerpt":{"rendered":"","protected":false},"author":408,"featured_media":0,"parent":0,"menu_order":0,"comment_status":"closed","ping_status":"closed","template":"","meta":[],"acf":[],"_links":{"self":[{"href":"https:\/\/des-tuc.infd.edu.ar\/sitio\/wp-json\/wp\/v2\/pages\/9081"}],"collection":[{"href":"https:\/\/des-tuc.infd.edu.ar\/sitio\/wp-json\/wp\/v2\/pages"}],"about":[{"href":"https:\/\/des-tuc.infd.edu.ar\/sitio\/wp-json\/wp\/v2\/types\/page"}],"author":[{"embeddable":true,"href":"https:\/\/des-tuc.infd.edu.ar\/sitio\/wp-json\/wp\/v2\/users\/408"}],"replies":[{"embeddable":true,"href":"https:\/\/des-tuc.infd.edu.ar\/sitio\/wp-json\/wp\/v2\/comments?post=9081"}],"version-history":[{"count":1,"href":"https:\/\/des-tuc.infd.edu.ar\/sitio\/wp-json\/wp\/v2\/pages\/9081\/revisions"}],"predecessor-version":[{"id":9082,"href":"https:\/\/des-tuc.infd.edu.ar\/sitio\/wp-json\/wp\/v2\/pages\/9081\/revisions\/9082"}],"wp:attachment":[{"href":"https:\/\/des-tuc.infd.edu.ar\/sitio\/wp-json\/wp\/v2\/media?parent=9081"}],"curies":[{"name":"wp","href":"https:\/\/api.w.org\/{rel}","templated":true}]}}