{"id":5930,"date":"2023-02-14T13:23:26","date_gmt":"2023-02-14T16:23:26","guid":{"rendered":"https:\/\/des-tuc.infd.edu.ar\/sitio\/?page_id=5930"},"modified":"2023-03-08T10:02:15","modified_gmt":"2023-03-08T13:02:15","slug":"eje-estrategias-para-el-aprendizaje","status":"publish","type":"page","link":"https:\/\/des-tuc.infd.edu.ar\/sitio\/eje-estrategias-para-el-aprendizaje\/","title":{"rendered":"Eje: Estrategias para el aprendizaje"},"content":{"rendered":"\n<div class=\"conteiner\">\n<!-- \n        <div id=\"conteiner-charge\">\n            <div id=\"charge\"><\/div>\n            <div id=\"charge2\"><\/div>\n        <\/div>\n-->\n        <section class=\"banner\">\n            <img decoding=\"async\" src=\"https:\/\/des-tuc.infd.edu.ar\/sitio\/wp-content\/uploads\/2023\/02\/boton-largo-curso-introductorio-estrategias-aprendizaje.jpg\" alt=\"banner\">\n        <\/section>\n        <section class=\"section1\">\n            <h2>MATERIAL DE SUGERENCIA <br> Eje: Estrategias para el aprendizaje<\/h2>\n            <p>Las actividades planteadas en los otros ejes dan cuenta de que pensamos a las estrategias de aprendizaje como un eje transversal. Es imposible abordar reflexivamente un texto, escrito u audiovisual, sin poner en marcha estrategias que exigen extraer las ideas principales, sistematizar la informaci\u00f3n, establecer relaciones l\u00f3gicas. A su vez, el tipo de consignas propuestas apuntan a la vinculaci\u00f3n, tanto de los temas como de los textos, y exigen de los y las estudiantes establecer posiciones y sostenerlas mediante argumentos v\u00e1lidos. Sin embargo, en esta secci\u00f3n proponemos algunas actividades que apuntan a la reflexi\u00f3n sobre las propias habilidades en relaci\u00f3n con las estrategias de aprendizaje que se deben poner en juego para construir nuevos saberes.<\/p>\n         <\/section>\n        <section class=\"section2\">\n            <div class=\"video1\">\n                <img decoding=\"async\" src=\"https:\/\/des-tuc.infd.edu.ar\/sitio\/wp-content\/uploads\/2023\/02\/Flyer-curso-introductorio-2023.jpg\" alt=\"flyer\">\n            <\/div>\n            \n            <div class=\"pdf1\">\n                <iframe src=\"https:\/\/des-tuc.infd.edu.ar\/sitio\/wp-content\/uploads\/2023\/02\/Eje-Estrategias-para-el-Aprendizaje-actividades.pdf\" frameborder=\"0\" allowfullscreen=\"\"><\/iframe>\n                <p>Propuestas de actividades para coordinar <\/p>\n            <\/div>\n        <\/section>\n\n        <section class=\"footer\">\n            <a href=\"https:\/\/des-tuc.infd.edu.ar\/sitio\/\">\n                <h3>https:\/\/des-tuc.infd.edu.ar\/sitio\/<\/h3>\n            <\/a>\n        <\/section>\n   <\/div>\n\n\n\n<style>\n* {\n    padding: 0px;\n    margin: 0px;\n    font-family:Arial, Helvetica, sans-serif;\n}\n\n\/* En este documento voy a trabajar con las propiedades del grid para maquetar la pagina *\/\n\n.conteiner {\n    max-width: 1000px;\n    min-width: 350px;\n    display: flex;\n    flex-direction: column;\n    \/* margin: 10px; *\/\n    justify-content: center;\n     background-color: #FFFDFD;\nbackground-image: url(\"data:image\/svg+xml,%3Csvg xmlns='http:\/\/www.w3.org\/2000\/svg' width='100%25' height='100%25' viewBox='0 0 1200 800'%3E%3Cdefs%3E%3CradialGradient id='a' cx='0' cy='800' r='800' gradientUnits='userSpaceOnUse'%3E%3Cstop offset='0' stop-color='%23f0b1ff'\/%3E%3Cstop offset='1' stop-color='%23f0b1ff' stop-opacity='0'\/%3E%3C\/radialGradient%3E%3CradialGradient id='b' cx='1200' cy='800' r='800' gradientUnits='userSpaceOnUse'%3E%3Cstop offset='0' stop-color='%23ecd7ff'\/%3E%3Cstop offset='1' stop-color='%23ecd7ff' stop-opacity='0'\/%3E%3C\/radialGradient%3E%3CradialGradient id='c' cx='600' cy='0' r='600' gradientUnits='userSpaceOnUse'%3E%3Cstop offset='0' stop-color='%238ad8ff'\/%3E%3Cstop offset='1' stop-color='%238ad8ff' stop-opacity='0'\/%3E%3C\/radialGradient%3E%3CradialGradient id='d' cx='600' cy='800' r='600' gradientUnits='userSpaceOnUse'%3E%3Cstop offset='0' stop-color='%23FFFDFD'\/%3E%3Cstop offset='1' stop-color='%23FFFDFD' stop-opacity='0'\/%3E%3C\/radialGradient%3E%3CradialGradient id='e' cx='0' cy='0' r='800' gradientUnits='userSpaceOnUse'%3E%3Cstop offset='0' stop-color='%23659FFF'\/%3E%3Cstop offset='1' stop-color='%23659FFF' stop-opacity='0'\/%3E%3C\/radialGradient%3E%3CradialGradient id='f' cx='1200' cy='0' r='800' gradientUnits='userSpaceOnUse'%3E%3Cstop offset='0' stop-color='%23B0FBFF'\/%3E%3Cstop offset='1' stop-color='%23B0FBFF' stop-opacity='0'\/%3E%3C\/radialGradient%3E%3C\/defs%3E%3Crect fill='url(%23a)' width='1200' height='800'\/%3E%3Crect fill='url(%23b)' width='1200' height='800'\/%3E%3Crect fill='url(%23c)' width='1200' height='800'\/%3E%3Crect fill='url(%23d)' width='1200' height='800'\/%3E%3Crect fill='url(%23e)' width='1200' height='800'\/%3E%3Crect fill='url(%23f)' width='1200' height='800'\/%3E%3C\/svg%3E\");\nbackground-attachment: fixed;\nbackground-size: cover;\n\n}\n\n.banner img {\n    width: 100%;\n    background-color: white;\n}\n.section1 {\n    grid-column: 1 \/ span 2;\n    padding: 10px;\n    background-color: #5271FF;\n    display: flex;\n    flex-direction: column;\n    align-items: center;\n    justify-content: center;\n    margin-top: -5px;\n    margin-bottom: 25px;\n}\n    .section1 h2 {\n        position: relative;\n        top: 35%;\n        text-align: center;\n        color: aliceblue;\n        font-size: 1.5rem;\n    }\n          .section1 { color: white; padding: 1em; text-align: center;}\n\n.section2 {\n    display: grid;\n    grid-template-columns: 50% 50%;\n}\n.video1,\n.pdf1 {\n    padding: 10px;\n    height: 40rem;\n}\n    .video1 img{\n        width: 100%;\n        height: 100%;\n    }\n        .pdf1 iframe {\n            width: 100%;\n            height: 96%;\n        }\n            .pdf1 p {\n                text-align: center;\n            }\n            \n.footer {\n    margin: 15px 0px 0px 0px;\n    grid-column: 1 \/ 3;\n    display: flex;\n    align-items: center;\n    background-color: #5271FF;\n    height: 4rem;\n}\n    .footer a {\n        margin: auto;\n        color: aliceblue;\n    }\n       .footer h3 {\n            margin: auto;\n            font-size: 1.4rem;\n        }\n\n  #conteiner-charge {\n        background-color: aliceblue;\n        height: 100%;\n        width: 100%;\n        position: fixed;\n        -webkit-transition: all 1s ease;\n        -o-transition: all 1s ease;\n        transition: all 1s ease;\n        z-index: 1000;\n        position: absolute;\n        top: 0;\n        right: 0;\n        left: 0;\n        bottom: 0;\n    }  \n\n\/* Esta es la parte de lo que aparece cuando carga la pagina *\/\n\n    #charge {\n        border: 15px solid #c4c2d200;\n        border-top-color: #2f71c2;\n        border-top-style: inset; \n        height: 60px;\n        width: 60px;\n        border-radius: 100%;\n        position: absolute;\n        top: 0;\n        left: 0;\n        bottom: 0;\n        right: 0;\n        margin: auto;\n    \n        -webkit-animation: girar 1.5s linear infinite;\n        -o-animation: girar 1.5s linear infinite;\n        animation: girar 1.5s linear infinite;\n    }\n\n#charge2 {\n        border: 15px solid #c4c2d200;\n        border-top-color: #2f71c2;\n        border-top-style: inset; \n        height: 100px;\n        width: 100px;\n        border-radius: 100%;\n        position: absolute;\n        top: 0;\n        left: 0;\n        bottom: 0;\n        right: 0;\n        margin: auto;\n    \n        -webkit-animation: rotar 1.5s linear infinite;\n        -o-animation: rotar 1.5s linear infinite;\n        animation: rotar 1.5s linear infinite;\n    }\n    \n    @keyframes girar {\n        from {transform: rotate(0deg);}\n        to {transform: rotate(360deg);}\n    }\n    @keyframes rotar {\n        from {transform: rotate(360deg);}\n        to {transform: rotate(0deg);}\n    }\n\n@media screen and (max-width: 750px) {\n       .video1 {\n           grid-column: 1 \/ span 2;\n       }\n       .pdf1 {\n           grid-column: 1 \/ span 2;\n           height: 20em;\n           display: flex;\n           flex-direction: column;\n           align-items: center;\n       }\n            .pdf1 iframe {\n                 height: 20em;\n                 width: 90%;\n                 margin: auto;\n             }\n       #content {\n           padding: 0px;\n       }\n\n.section1 h2 {\n     font-size: 1.2em;\n}\n     .section1 p {\n         font-size: 0.8em;\n     }\n}\n<\/style>\n\n\n\n<script>\nconst scrollear = window.scrollY\n\nif (scrollear > 0){\n    window.scroll({\n        top: 0,\n        left: 0,\n        behavior: \"smooth\"\n    })\n}\n\n\nwindow.onload = function(){\n    \n    let conteiner = document.getElementById(\"conteiner-charge\")\n\n    conteiner.style.visibility = \"hidden\"\n    conteiner.style.opacity = \"0\"\n}\n<\/script>\n","protected":false},"excerpt":{"rendered":"<p>MATERIAL DE SUGERENCIA Eje: Estrategias para el aprendizaje Las actividades planteadas en los otros ejes dan cuenta de que pensamos a las estrategias de aprendizaje como un eje transversal. Es imposible abordar reflexivamente un texto, escrito u audiovisual, sin poner en marcha estrategias que exigen extraer las ideas principales, sistematizar la informaci\u00f3n, establecer relaciones l\u00f3gicas. &#8230; <a title=\"Eje: Estrategias para el aprendizaje\" class=\"read-more\" href=\"https:\/\/des-tuc.infd.edu.ar\/sitio\/eje-estrategias-para-el-aprendizaje\/\" aria-label=\"More on Eje: Estrategias para el aprendizaje\">[+]<\/a><\/p>\n","protected":false},"author":408,"featured_media":0,"parent":0,"menu_order":0,"comment_status":"closed","ping_status":"closed","template":"","meta":[],"acf":[],"_links":{"self":[{"href":"https:\/\/des-tuc.infd.edu.ar\/sitio\/wp-json\/wp\/v2\/pages\/5930"}],"collection":[{"href":"https:\/\/des-tuc.infd.edu.ar\/sitio\/wp-json\/wp\/v2\/pages"}],"about":[{"href":"https:\/\/des-tuc.infd.edu.ar\/sitio\/wp-json\/wp\/v2\/types\/page"}],"author":[{"embeddable":true,"href":"https:\/\/des-tuc.infd.edu.ar\/sitio\/wp-json\/wp\/v2\/users\/408"}],"replies":[{"embeddable":true,"href":"https:\/\/des-tuc.infd.edu.ar\/sitio\/wp-json\/wp\/v2\/comments?post=5930"}],"version-history":[{"count":31,"href":"https:\/\/des-tuc.infd.edu.ar\/sitio\/wp-json\/wp\/v2\/pages\/5930\/revisions"}],"predecessor-version":[{"id":7075,"href":"https:\/\/des-tuc.infd.edu.ar\/sitio\/wp-json\/wp\/v2\/pages\/5930\/revisions\/7075"}],"wp:attachment":[{"href":"https:\/\/des-tuc.infd.edu.ar\/sitio\/wp-json\/wp\/v2\/media?parent=5930"}],"curies":[{"name":"wp","href":"https:\/\/api.w.org\/{rel}","templated":true}]}}