{"id":1961,"date":"2020-03-02T19:31:33","date_gmt":"2020-03-02T22:31:33","guid":{"rendered":"https:\/\/des-tuc.infd.edu.ar\/sitio\/?page_id=1961"},"modified":"2020-03-03T01:27:40","modified_gmt":"2020-03-03T04:27:40","slug":"coordinacion-pedagogica","status":"publish","type":"page","link":"https:\/\/des-tuc.infd.edu.ar\/sitio\/coordinacion-pedagogica\/","title":{"rendered":"Coordinaci\u00f3n Pedag\u00f3gica"},"content":{"rendered":"<p>El organigrama 2020 de la Direcci\u00f3n de educaci\u00f3n Superior y Art\u00edstica se estructura bajo 4 (cuatro) grandes L\u00edneas de Acci\u00f3n, una de ella es:<\/p>\n<p><img decoding=\"async\" loading=\"lazy\" class=\"wp-image-1951 aligncenter\" src=\"https:\/\/des-tuc.infd.edu.ar\/sitio\/wp-content\/uploads\/2020\/03\/Coordinaci\u00f3n-Pedag\u00f3gica-1000x304.png\" alt=\"\" width=\"1124\" height=\"342\" srcset=\"https:\/\/des-tuc.infd.edu.ar\/sitio\/wp-content\/uploads\/2020\/03\/Coordinaci\u00f3n-Pedag\u00f3gica-1000x304.png 1000w, https:\/\/des-tuc.infd.edu.ar\/sitio\/wp-content\/uploads\/2020\/03\/Coordinaci\u00f3n-Pedag\u00f3gica-768x233.png 768w, https:\/\/des-tuc.infd.edu.ar\/sitio\/wp-content\/uploads\/2020\/03\/Coordinaci\u00f3n-Pedag\u00f3gica.png 1400w\" sizes=\"(max-width: 1124px) 100vw, 1124px\" \/><\/p>\n<p><img decoding=\"async\" loading=\"lazy\" class=\"alignnone size-medium wp-image-1962\" src=\"https:\/\/des-tuc.infd.edu.ar\/sitio\/wp-content\/uploads\/2020\/03\/Contenido-de-la-Coordinaci\u00f3n-Pedag\u00f3gica-1000x563.png\" alt=\"\" width=\"1000\" height=\"563\" srcset=\"https:\/\/des-tuc.infd.edu.ar\/sitio\/wp-content\/uploads\/2020\/03\/Contenido-de-la-Coordinaci\u00f3n-Pedag\u00f3gica-1000x563.png 1000w, https:\/\/des-tuc.infd.edu.ar\/sitio\/wp-content\/uploads\/2020\/03\/Contenido-de-la-Coordinaci\u00f3n-Pedag\u00f3gica-768x432.png 768w, https:\/\/des-tuc.infd.edu.ar\/sitio\/wp-content\/uploads\/2020\/03\/Contenido-de-la-Coordinaci\u00f3n-Pedag\u00f3gica.png 1280w\" sizes=\"(max-width: 1000px) 100vw, 1000px\" \/><\/p>\n<p>&nbsp;<\/p>\n<p>&nbsp;<\/p>\n","protected":false},"excerpt":{"rendered":"<p>El organigrama 2020 de la Direcci\u00f3n de educaci\u00f3n Superior y Art\u00edstica se estructura bajo 4 (cuatro) grandes L\u00edneas de Acci\u00f3n, una de ella es: &nbsp; &nbsp;<\/p>\n","protected":false},"author":408,"featured_media":0,"parent":0,"menu_order":0,"comment_status":"closed","ping_status":"closed","template":"","meta":[],"acf":[],"_links":{"self":[{"href":"https:\/\/des-tuc.infd.edu.ar\/sitio\/wp-json\/wp\/v2\/pages\/1961"}],"collection":[{"href":"https:\/\/des-tuc.infd.edu.ar\/sitio\/wp-json\/wp\/v2\/pages"}],"about":[{"href":"https:\/\/des-tuc.infd.edu.ar\/sitio\/wp-json\/wp\/v2\/types\/page"}],"author":[{"embeddable":true,"href":"https:\/\/des-tuc.infd.edu.ar\/sitio\/wp-json\/wp\/v2\/users\/408"}],"replies":[{"embeddable":true,"href":"https:\/\/des-tuc.infd.edu.ar\/sitio\/wp-json\/wp\/v2\/comments?post=1961"}],"version-history":[{"count":2,"href":"https:\/\/des-tuc.infd.edu.ar\/sitio\/wp-json\/wp\/v2\/pages\/1961\/revisions"}],"predecessor-version":[{"id":1984,"href":"https:\/\/des-tuc.infd.edu.ar\/sitio\/wp-json\/wp\/v2\/pages\/1961\/revisions\/1984"}],"wp:attachment":[{"href":"https:\/\/des-tuc.infd.edu.ar\/sitio\/wp-json\/wp\/v2\/media?parent=1961"}],"curies":[{"name":"wp","href":"https:\/\/api.w.org\/{rel}","templated":true}]}}