{"id":1298,"date":"2018-08-31T16:43:23","date_gmt":"2018-08-31T19:43:23","guid":{"rendered":"https:\/\/des-tuc.infd.edu.ar\/sitio\/politicas-estudiantiles-y-becas\/"},"modified":"2023-11-21T12:38:18","modified_gmt":"2023-11-21T15:38:18","slug":"politicas-estudiantiles-y-becas","status":"publish","type":"page","link":"https:\/\/des-tuc.infd.edu.ar\/sitio\/politicas-estudiantiles-y-becas\/","title":{"rendered":"Pol\u00edticas Estudiantiles y Becas"},"content":{"rendered":"\n<h1 style=\"text-align: center; background-color: #39B8DE; color: white; padding: 20px; margin-top: -20px;\">POL\u00cdTICAS ESTUDIANTILES Y BECAS<\/h1>\n\n\n\n<p class=\"has-text-align-center\"><em><mark style=\"background-color:rgba(0, 0, 0, 0)\" class=\"has-inline-color has-accent-color\">\u00a1BIENVENIDO\/A ESTUDIANTE I.E.S!<\/mark><\/em><\/p>\n\n\n<div class=\"wp-block-image size-medium wp-image-1801\">\n<figure class=\"aligncenter is-resized\"><img decoding=\"async\" loading=\"lazy\" src=\"https:\/\/des-tuc.infd.edu.ar\/sitio\/wp-content\/uploads\/2019\/11\/Estudiantes-Pol\u00edticas-Estudiantiles-1000x462.jpg\" alt=\"\" class=\"wp-image-1801\" width=\"695\" height=\"321\" srcset=\"https:\/\/des-tuc.infd.edu.ar\/sitio\/wp-content\/uploads\/2019\/11\/Estudiantes-Pol\u00edticas-Estudiantiles-1000x462.jpg 1000w, https:\/\/des-tuc.infd.edu.ar\/sitio\/wp-content\/uploads\/2019\/11\/Estudiantes-Pol\u00edticas-Estudiantiles-768x355.jpg 768w, https:\/\/des-tuc.infd.edu.ar\/sitio\/wp-content\/uploads\/2019\/11\/Estudiantes-Pol\u00edticas-Estudiantiles.jpg 1152w\" sizes=\"(max-width: 695px) 100vw, 695px\" \/><\/figure><\/div>\n\n\n<h2 class=\"has-text-align-center wp-block-heading\">Todo lo que necesit\u00e1s como estudiante IES podr\u00e1s encontrarlo aqu\u00ed:<\/h2>\n\n\n\n<div style=\"height:22px\" aria-hidden=\"true\" class=\"wp-block-spacer\"><\/div>\n\n\n\n<hr class=\"wp-block-separator has-alpha-channel-opacity\"\/>\n\n\n\n<h2 class=\"has-text-align-center wp-block-heading\"><a href=\"https:\/\/des-tuc.infd.edu.ar\/sitio\/convocatoria-a-becas-2024-para-cumplir-funciones-de-asistente-de-idioma-en-francia\/\">Convocatoria a Becas 2024, para cumplir funciones de Asistente de Idioma en Francia<\/a><\/h2>\n\n\n\n<figure class=\"wp-duotone-unset-1 wp-block-image alignwide size-full is-style-rounded\"><a href=\"https:\/\/des-tuc.infd.edu.ar\/sitio\/convocatoria-a-becas-2024-para-cumplir-funciones-de-asistente-de-idioma-en-francia\/\"><img decoding=\"async\" loading=\"lazy\" width=\"1100\" height=\"300\" src=\"https:\/\/des-tuc.infd.edu.ar\/sitio\/wp-content\/uploads\/2023\/11\/Portada-metaslider-nuevo-3.jpg\" alt=\"\" class=\"wp-image-9290\" srcset=\"https:\/\/des-tuc.infd.edu.ar\/sitio\/wp-content\/uploads\/2023\/11\/Portada-metaslider-nuevo-3.jpg 1100w, https:\/\/des-tuc.infd.edu.ar\/sitio\/wp-content\/uploads\/2023\/11\/Portada-metaslider-nuevo-3-1000x273.jpg 1000w, https:\/\/des-tuc.infd.edu.ar\/sitio\/wp-content\/uploads\/2023\/11\/Portada-metaslider-nuevo-3-768x209.jpg 768w\" sizes=\"(max-width: 1100px) 100vw, 1100px\" \/><\/a><\/figure>\n\n\n\n<p><\/p>\n\n\n\n<hr class=\"wp-block-separator has-alpha-channel-opacity\"\/>\n\n\n\n<h2 class=\"has-text-align-center wp-block-heading\"><a href=\"https:\/\/des-tuc.infd.edu.ar\/sitio\/convocatoria-a-becas-en-el-reino-unido-e-irlanda-2024\/\">Convocatoria a becas en el Reino Unido e Irlanda 2024<\/a><\/h2>\n\n\n\n<figure class=\"wp-block-image alignwide size-full is-style-rounded\"><a href=\"https:\/\/des-tuc.infd.edu.ar\/sitio\/convocatoria-a-becas-en-el-reino-unido-e-irlanda-2024\/\"><img decoding=\"async\" loading=\"lazy\" width=\"1100\" height=\"300\" src=\"https:\/\/des-tuc.infd.edu.ar\/sitio\/wp-content\/uploads\/2023\/11\/Portada-metaslider-nuevo-1.jpg\" alt=\"\" class=\"wp-image-9267\" srcset=\"https:\/\/des-tuc.infd.edu.ar\/sitio\/wp-content\/uploads\/2023\/11\/Portada-metaslider-nuevo-1.jpg 1100w, https:\/\/des-tuc.infd.edu.ar\/sitio\/wp-content\/uploads\/2023\/11\/Portada-metaslider-nuevo-1-1000x273.jpg 1000w, https:\/\/des-tuc.infd.edu.ar\/sitio\/wp-content\/uploads\/2023\/11\/Portada-metaslider-nuevo-1-768x209.jpg 768w\" sizes=\"(max-width: 1100px) 100vw, 1100px\" \/><\/a><\/figure>\n\n\n\n<hr class=\"wp-block-separator has-alpha-channel-opacity\"\/>\n\n\n\n<h2 class=\"has-text-align-center wp-block-heading\"><a href=\"https:\/\/des-tuc.infd.edu.ar\/sitio\/se-abrio-la-convocatoria-2024-2025-para-el-programa-de-asistentes-de-idioma-en-ee-uu\/\">Se abri\u00f3 la convocatoria 2024-2025 para el Programa de Asistentes de Idioma en EE.UU.<\/a><\/h2>\n\n\n<div class=\"wp-block-image is-style-rounded\">\n<figure class=\"aligncenter size-full\"><a href=\"https:\/\/des-tuc.infd.edu.ar\/sitio\/se-abrio-la-convocatoria-2024-2025-para-el-programa-de-asistentes-de-idioma-en-ee-uu\/\"><img decoding=\"async\" loading=\"lazy\" width=\"1100\" height=\"300\" src=\"https:\/\/des-tuc.infd.edu.ar\/sitio\/wp-content\/uploads\/2023\/11\/Portada-metaslider-nuevo.png\" alt=\"\" class=\"wp-image-9444\" srcset=\"https:\/\/des-tuc.infd.edu.ar\/sitio\/wp-content\/uploads\/2023\/11\/Portada-metaslider-nuevo.png 1100w, https:\/\/des-tuc.infd.edu.ar\/sitio\/wp-content\/uploads\/2023\/11\/Portada-metaslider-nuevo-1000x273.png 1000w, https:\/\/des-tuc.infd.edu.ar\/sitio\/wp-content\/uploads\/2023\/11\/Portada-metaslider-nuevo-768x209.png 768w\" sizes=\"(max-width: 1100px) 100vw, 1100px\" \/><\/a><\/figure><\/div>\n\n\n<hr class=\"wp-block-separator has-alpha-channel-opacity\"\/>\n\n\n\n<div class=\"wp-block-columns are-vertically-aligned-top is-layout-flex wp-container-5\">\n<div class=\"wp-block-column is-vertically-aligned-top is-layout-flow\">\n<figure class=\"wp-block-embed is-type-wp-embed is-provider-direccion-de-nivel-superior-no-universitaria-ministerio-de-educacion-de-tucuman wp-block-embed-direccion-de-nivel-superior-no-universitaria-ministerio-de-educacion-de-tucuman\"><div class=\"wp-block-embed__wrapper\">\n<blockquote class=\"wp-embedded-content\" data-secret=\"X8rf0FN6nQ\"><a href=\"https:\/\/des-tuc.infd.edu.ar\/sitio\/programa-de-becas-internacionales-los-asistentes-de-idioma-siguen-sumando-experiencias-en-nuestra-provincia\/\">Programa de Becas Internacionales: los asistentes de idioma siguen sumando experiencias en nuestra provincia<\/a><\/blockquote><iframe class=\"wp-embedded-content\" sandbox=\"allow-scripts\" security=\"restricted\" style=\"position: absolute; clip: rect(1px, 1px, 1px, 1px);\" title=\"\u00abPrograma de Becas Internacionales: los asistentes de idioma siguen sumando experiencias en nuestra provincia\u00bb \u2014 Direcci\u00f3n de Nivel Superior No Universitaria - Ministerio de Educaci\u00f3n de Tucum\u00e1n\" src=\"https:\/\/des-tuc.infd.edu.ar\/sitio\/programa-de-becas-internacionales-los-asistentes-de-idioma-siguen-sumando-experiencias-en-nuestra-provincia\/embed\/#?secret=Z1HXGSQter#?secret=X8rf0FN6nQ\" data-secret=\"X8rf0FN6nQ\" width=\"600\" height=\"338\" frameborder=\"0\" marginwidth=\"0\" marginheight=\"0\" scrolling=\"no\"><\/iframe>\n<\/div><\/figure>\n<\/div>\n\n\n\n<div class=\"wp-block-column is-vertically-aligned-top is-layout-flow\">\n<figure class=\"wp-block-embed is-type-wp-embed is-provider-direccion-de-nivel-superior-no-universitaria-ministerio-de-educacion-de-tucuman wp-block-embed-direccion-de-nivel-superior-no-universitaria-ministerio-de-educacion-de-tucuman\"><div class=\"wp-block-embed__wrapper\">\n<blockquote class=\"wp-embedded-content\" data-secret=\"qLT9lJ7KSA\"><a href=\"https:\/\/des-tuc.infd.edu.ar\/sitio\/se-inauguro-una-nueva-oferta-de-educacion-superior-en-alderetes\/\">Se inaugur\u00f3 una nueva oferta de Educaci\u00f3n Superior en Alderetes<\/a><\/blockquote><iframe class=\"wp-embedded-content\" sandbox=\"allow-scripts\" security=\"restricted\" style=\"position: absolute; clip: rect(1px, 1px, 1px, 1px);\" title=\"\u00abSe inaugur\u00f3 una nueva oferta de Educaci\u00f3n Superior en Alderetes\u00bb \u2014 Direcci\u00f3n de Nivel Superior No Universitaria - Ministerio de Educaci\u00f3n de Tucum\u00e1n\" src=\"https:\/\/des-tuc.infd.edu.ar\/sitio\/se-inauguro-una-nueva-oferta-de-educacion-superior-en-alderetes\/embed\/#?secret=8t8eDOsSx1#?secret=qLT9lJ7KSA\" data-secret=\"qLT9lJ7KSA\" width=\"600\" height=\"338\" frameborder=\"0\" marginwidth=\"0\" marginheight=\"0\" scrolling=\"no\"><\/iframe>\n<\/div><\/figure>\n<\/div>\n\n\n\n<div class=\"wp-block-column is-vertically-aligned-top is-layout-flow\">\n<figure class=\"wp-block-embed is-type-wp-embed is-provider-direccion-de-nivel-superior-no-universitaria-ministerio-de-educacion-de-tucuman wp-block-embed-direccion-de-nivel-superior-no-universitaria-ministerio-de-educacion-de-tucuman\"><div class=\"wp-block-embed__wrapper\">\n<blockquote class=\"wp-embedded-content\" data-secret=\"SlZ26YlL0e\"><a href=\"https:\/\/des-tuc.infd.edu.ar\/sitio\/estudiantes-y-docentes-se-capacitaron-con-referentes-de-las-juntas-de-clasificacion-en-la-primera-jornada-de-la-semana-de-la-educacion-superior\/\">Estudiantes y docentes se capacitaron con referentes de las Juntas de Clasificaci\u00f3n, en la primera jornada de la Semana de la Educaci\u00f3n Superior<\/a><\/blockquote><iframe class=\"wp-embedded-content\" sandbox=\"allow-scripts\" security=\"restricted\" style=\"position: absolute; clip: rect(1px, 1px, 1px, 1px);\" title=\"\u00abEstudiantes y docentes se capacitaron con referentes de las Juntas de Clasificaci\u00f3n, en la primera jornada de la Semana de la Educaci\u00f3n Superior\u00bb \u2014 Direcci\u00f3n de Nivel Superior No Universitaria - Ministerio de Educaci\u00f3n de Tucum\u00e1n\" src=\"https:\/\/des-tuc.infd.edu.ar\/sitio\/estudiantes-y-docentes-se-capacitaron-con-referentes-de-las-juntas-de-clasificacion-en-la-primera-jornada-de-la-semana-de-la-educacion-superior\/embed\/#?secret=Djlbwlcp8S#?secret=SlZ26YlL0e\" data-secret=\"SlZ26YlL0e\" width=\"600\" height=\"338\" frameborder=\"0\" marginwidth=\"0\" marginheight=\"0\" scrolling=\"no\"><\/iframe>\n<\/div><\/figure>\n<\/div>\n<\/div>\n\n\n\n<hr class=\"wp-block-separator has-alpha-channel-opacity\"\/>\n\n\n\n<p class=\"has-text-align-center\"><strong>Para m\u00e1s informaci\u00f3n, contactarse a: <mark style=\"background-color:rgba(0, 0, 0, 0)\" class=\"has-inline-color has-accent-color\">politicasestudiantilestuc@gmail.com<\/mark><\/strong><\/p>\n\n\n\n<hr class=\"wp-block-separator has-alpha-channel-opacity\"\/>\n","protected":false},"excerpt":{"rendered":"<p>POL\u00cdTICAS ESTUDIANTILES Y BECAS \u00a1BIENVENIDO\/A ESTUDIANTE I.E.S! Todo lo que necesit\u00e1s como estudiante IES podr\u00e1s encontrarlo aqu\u00ed: Convocatoria a Becas 2024, para cumplir funciones de Asistente de Idioma en Francia Convocatoria a becas en el Reino Unido e Irlanda 2024 Se abri\u00f3 la convocatoria 2024-2025 para el Programa de Asistentes de Idioma en EE.UU. Para &#8230; <a title=\"Pol\u00edticas Estudiantiles y Becas\" class=\"read-more\" href=\"https:\/\/des-tuc.infd.edu.ar\/sitio\/politicas-estudiantiles-y-becas\/\" aria-label=\"More on Pol\u00edticas Estudiantiles y Becas\">[+]<\/a><\/p>\n","protected":false},"author":275,"featured_media":0,"parent":0,"menu_order":0,"comment_status":"closed","ping_status":"closed","template":"","meta":[],"acf":[],"_links":{"self":[{"href":"https:\/\/des-tuc.infd.edu.ar\/sitio\/wp-json\/wp\/v2\/pages\/1298"}],"collection":[{"href":"https:\/\/des-tuc.infd.edu.ar\/sitio\/wp-json\/wp\/v2\/pages"}],"about":[{"href":"https:\/\/des-tuc.infd.edu.ar\/sitio\/wp-json\/wp\/v2\/types\/page"}],"author":[{"embeddable":true,"href":"https:\/\/des-tuc.infd.edu.ar\/sitio\/wp-json\/wp\/v2\/users\/275"}],"replies":[{"embeddable":true,"href":"https:\/\/des-tuc.infd.edu.ar\/sitio\/wp-json\/wp\/v2\/comments?post=1298"}],"version-history":[{"count":60,"href":"https:\/\/des-tuc.infd.edu.ar\/sitio\/wp-json\/wp\/v2\/pages\/1298\/revisions"}],"predecessor-version":[{"id":9460,"href":"https:\/\/des-tuc.infd.edu.ar\/sitio\/wp-json\/wp\/v2\/pages\/1298\/revisions\/9460"}],"wp:attachment":[{"href":"https:\/\/des-tuc.infd.edu.ar\/sitio\/wp-json\/wp\/v2\/media?parent=1298"}],"curies":[{"name":"wp","href":"https:\/\/api.w.org\/{rel}","templated":true}]}}