{"id":12577,"date":"2026-03-04T11:43:35","date_gmt":"2026-03-04T14:43:35","guid":{"rendered":"https:\/\/des-tuc.infd.edu.ar\/sitio\/?page_id=12577"},"modified":"2026-03-04T11:44:00","modified_gmt":"2026-03-04T14:44:00","slug":"area-pedagogica-y-digital","status":"publish","type":"page","link":"https:\/\/des-tuc.infd.edu.ar\/sitio\/area-pedagogica-y-digital\/","title":{"rendered":"\u00c1REA PEDAG\u00d3GICA Y DIGITAL"},"content":{"rendered":"\n<p>Funciones:<\/p>\n\n\n\n<ul>\n<li><strong>Evaluar las propuestas de formaci\u00f3n docente continua presentadas por las dependencias ministeriales y las instituciones externas<\/strong> que se encuentren inscriptas en el Registro de Instituciones Oferentes de la Provincia (R.I.O.P.); de acuerdo a los lineamientos de las pol\u00edticas educativas y en consonancia con los ejes prioritarios transversales jurisdiccionales.<\/li>\n\n\n\n<li><strong>Realizar asesoramiento pedag\u00f3gico y digital en el dise\u00f1o e implementaci\u00f3n de propuestas de formaci\u00f3n docente<\/strong>, estableciendo lo digital como unidad transversal en articulaci\u00f3n con los equipos ministeriales e instituciones oferentes externas.<\/li>\n\n\n\n<li><strong>Brindar seguimiento tutorado y asistencia t\u00e9cnica en la administraci\u00f3n de aulas virtuales<\/strong> de las propuestas de capacitaci\u00f3n semipresenciales y virtuales de las dependencias del Ministerio. En el caso de las propuestas de las instituciones externas, el acceso y disponibilidad del contenido en las aulas virtuales.<\/li>\n\n\n\n<li><strong>Dise\u00f1ar e implementar trayectos de formaci\u00f3n docente contin\u00faa<\/strong> respondiendo a las \u00e1reas prioritarias y ejes estrat\u00e9gicos de la pol\u00edtica educativa nacional y provincial; para dar respuestas a las necesidades de mejora de la ense\u00f1anza y de los aprendizajes.<\/li>\n\n\n\n<li><strong>Desarrollar propuestas de formaci\u00f3n docente continua articuladas con la Formaci\u00f3n Inicial<\/strong> logrando l\u00edneas de trabajo integrales para el desarrollo profesional docente.<\/li>\n\n\n\n<li><strong>Promover espacios de reflexi\u00f3n, revisi\u00f3n y acompa\u00f1amiento de proyectos de formaci\u00f3n docente continua<\/strong> entre las dependencias ministeriales y oferentes externos a fin de generar acuerdos sobre las prioridades del sistema educativo.<\/li>\n<\/ul>\n","protected":false},"excerpt":{"rendered":"<p>Funciones:<\/p>\n","protected":false},"author":543,"featured_media":0,"parent":0,"menu_order":0,"comment_status":"closed","ping_status":"closed","template":"","meta":[],"acf":[],"_links":{"self":[{"href":"https:\/\/des-tuc.infd.edu.ar\/sitio\/wp-json\/wp\/v2\/pages\/12577"}],"collection":[{"href":"https:\/\/des-tuc.infd.edu.ar\/sitio\/wp-json\/wp\/v2\/pages"}],"about":[{"href":"https:\/\/des-tuc.infd.edu.ar\/sitio\/wp-json\/wp\/v2\/types\/page"}],"author":[{"embeddable":true,"href":"https:\/\/des-tuc.infd.edu.ar\/sitio\/wp-json\/wp\/v2\/users\/543"}],"replies":[{"embeddable":true,"href":"https:\/\/des-tuc.infd.edu.ar\/sitio\/wp-json\/wp\/v2\/comments?post=12577"}],"version-history":[{"count":1,"href":"https:\/\/des-tuc.infd.edu.ar\/sitio\/wp-json\/wp\/v2\/pages\/12577\/revisions"}],"predecessor-version":[{"id":12579,"href":"https:\/\/des-tuc.infd.edu.ar\/sitio\/wp-json\/wp\/v2\/pages\/12577\/revisions\/12579"}],"wp:attachment":[{"href":"https:\/\/des-tuc.infd.edu.ar\/sitio\/wp-json\/wp\/v2\/media?parent=12577"}],"curies":[{"name":"wp","href":"https:\/\/api.w.org\/{rel}","templated":true}]}}