{"id":11266,"date":"2025-03-05T12:11:41","date_gmt":"2025-03-05T15:11:41","guid":{"rendered":"https:\/\/des-tuc.infd.edu.ar\/sitio\/?page_id=11266"},"modified":"2026-04-04T16:36:32","modified_gmt":"2026-04-04T19:36:32","slug":"quienes-somos","status":"publish","type":"page","link":"https:\/\/des-tuc.infd.edu.ar\/sitio\/quienes-somos\/","title":{"rendered":"Quienes somos"},"content":{"rendered":"<div class=\"wp-block-image\">\n<figure class=\"aligncenter size-full\"><img decoding=\"async\" loading=\"lazy\" width=\"1600\" height=\"812\" src=\"https:\/\/des-tuc.infd.edu.ar\/sitio\/wp-content\/uploads\/2026\/04\/WhatsApp-Image-2026-02-24-at-12.33.55-PM.jpeg\" alt=\"\" class=\"wp-image-12704\" srcset=\"https:\/\/des-tuc.infd.edu.ar\/sitio\/wp-content\/uploads\/2026\/04\/WhatsApp-Image-2026-02-24-at-12.33.55-PM.jpeg 1600w, https:\/\/des-tuc.infd.edu.ar\/sitio\/wp-content\/uploads\/2026\/04\/WhatsApp-Image-2026-02-24-at-12.33.55-PM-1000x508.jpeg 1000w, https:\/\/des-tuc.infd.edu.ar\/sitio\/wp-content\/uploads\/2026\/04\/WhatsApp-Image-2026-02-24-at-12.33.55-PM-768x390.jpeg 768w, https:\/\/des-tuc.infd.edu.ar\/sitio\/wp-content\/uploads\/2026\/04\/WhatsApp-Image-2026-02-24-at-12.33.55-PM-1536x780.jpeg 1536w\" sizes=\"(max-width: 1600px) 100vw, 1600px\" \/><\/figure><\/div>\n\n\n<p>Coordinadora :<strong> <\/strong>Broggi Norma Isabel<\/p>\n\n\n\n<p>Referente Nacional de Evaluaci\u00f3n:  Arag\u00f3n, Rosa Florencia <\/p>\n\n\n\n<p>Referente Provincial de Evaluaci\u00f3n: Belmonte, Nancy Beatriz<\/p>\n\n\n\n<p>Betthencourt, Norma Liliana<\/p>\n\n\n\n<p>Lencina,\u00a0 Aldo Gustavo<\/p>\n\n\n\n<p>Nucci, Paola<\/p>\n\n\n\n<p>Ortega, Paola Elizabeth<\/p>\n\n\n\n<p>Ovejero, Pablo Fernando<\/p>\n\n\n\n<p>Pe\u00f1aloza, Daniel Eduardo<\/p>\n\n\n\n<p>Trejo, Jos\u00e9 Dante<\/p>\n","protected":false},"excerpt":{"rendered":"<p>Coordinadora : Broggi Norma Isabel Referente Nacional de Evaluaci\u00f3n: Arag\u00f3n, Rosa Florencia Referente Provincial de Evaluaci\u00f3n: Belmonte, Nancy Beatriz Betthencourt, Norma Liliana Lencina,\u00a0 Aldo Gustavo Nucci, Paola Ortega, Paola Elizabeth Ovejero, Pablo Fernando Pe\u00f1aloza, Daniel Eduardo Trejo, Jos\u00e9 Dante<\/p>\n","protected":false},"author":547,"featured_media":0,"parent":0,"menu_order":0,"comment_status":"closed","ping_status":"closed","template":"","meta":[],"acf":[],"_links":{"self":[{"href":"https:\/\/des-tuc.infd.edu.ar\/sitio\/wp-json\/wp\/v2\/pages\/11266"}],"collection":[{"href":"https:\/\/des-tuc.infd.edu.ar\/sitio\/wp-json\/wp\/v2\/pages"}],"about":[{"href":"https:\/\/des-tuc.infd.edu.ar\/sitio\/wp-json\/wp\/v2\/types\/page"}],"author":[{"embeddable":true,"href":"https:\/\/des-tuc.infd.edu.ar\/sitio\/wp-json\/wp\/v2\/users\/547"}],"replies":[{"embeddable":true,"href":"https:\/\/des-tuc.infd.edu.ar\/sitio\/wp-json\/wp\/v2\/comments?post=11266"}],"version-history":[{"count":9,"href":"https:\/\/des-tuc.infd.edu.ar\/sitio\/wp-json\/wp\/v2\/pages\/11266\/revisions"}],"predecessor-version":[{"id":12707,"href":"https:\/\/des-tuc.infd.edu.ar\/sitio\/wp-json\/wp\/v2\/pages\/11266\/revisions\/12707"}],"wp:attachment":[{"href":"https:\/\/des-tuc.infd.edu.ar\/sitio\/wp-json\/wp\/v2\/media?parent=11266"}],"curies":[{"name":"wp","href":"https:\/\/api.w.org\/{rel}","templated":true}]}}